Last updated on 2023-05-28 05:52:21 CEST.
Flavor | Version | Tinstall | Tcheck | Ttotal | Status | Flags |
---|---|---|---|---|---|---|
r-devel-linux-x86_64-debian-clang | 1.0.6 | 12.29 | 303.13 | 315.42 | NOTE | |
r-devel-linux-x86_64-debian-gcc | 1.0.6 | 11.23 | 234.98 | 246.21 | NOTE | |
r-devel-linux-x86_64-fedora-clang | 1.0.6 | 413.98 | NOTE | |||
r-devel-linux-x86_64-fedora-gcc | 1.0.6 | 403.27 | NOTE | |||
r-devel-windows-x86_64 | 1.0.6 | 14.00 | 272.00 | 286.00 | NOTE | |
r-patched-linux-x86_64 | 1.0.6 | 12.95 | 295.14 | 308.09 | NOTE | |
r-release-linux-x86_64 | 1.0.6 | 12.51 | 294.30 | 306.81 | NOTE | |
r-release-macos-arm64 | 1.0.6 | 150.00 | NOTE | |||
r-release-macos-x86_64 | 1.0.6 | 275.00 | NOTE | |||
r-release-windows-x86_64 | 1.0.6 | 15.00 | 318.00 | 333.00 | NOTE | |
r-oldrel-macos-arm64 | 1.0.6 | 133.00 | NOTE | |||
r-oldrel-macos-x86_64 | 1.0.6 | 452.00 | NOTE | |||
r-oldrel-windows-x86_64 | 1.0.6 | 16.00 | 340.00 | 356.00 | NOTE |
Version: 1.0.6
Check: LazyData
Result: NOTE
'LazyData' is specified without a 'data' directory
Flavors: r-devel-linux-x86_64-debian-clang, r-devel-linux-x86_64-debian-gcc, r-devel-linux-x86_64-fedora-clang, r-devel-linux-x86_64-fedora-gcc, r-devel-windows-x86_64, r-patched-linux-x86_64, r-release-linux-x86_64, r-release-macos-arm64, r-release-macos-x86_64, r-release-windows-x86_64, r-oldrel-macos-arm64, r-oldrel-macos-x86_64, r-oldrel-windows-x86_64
Version: 1.0.6
Check: installed package size
Result: NOTE
installed size is 5.3Mb
sub-directories of 1Mb or more:
R 1.3Mb
extdata 3.1Mb
Flavors: r-devel-linux-x86_64-fedora-clang, r-devel-windows-x86_64, r-release-macos-arm64, r-release-macos-x86_64, r-release-windows-x86_64, r-oldrel-macos-arm64, r-oldrel-macos-x86_64, r-oldrel-windows-x86_64