Last updated on 2023-06-09 05:55:13 CEST.
Flavor | Version | Tinstall | Tcheck | Ttotal | Status | Flags |
---|---|---|---|---|---|---|
r-devel-linux-x86_64-debian-clang | 3.4.2 | 3.15 | 25.90 | 29.05 | OK | |
r-devel-linux-x86_64-debian-gcc | 3.4.2 | 1.87 | 20.36 | 22.23 | OK | |
r-devel-linux-x86_64-fedora-clang | 3.4.2 | 37.42 | OK | |||
r-devel-linux-x86_64-fedora-gcc | 3.4.2 | 34.81 | OK | |||
r-devel-windows-x86_64 | 3.4.2 | 16.00 | 54.00 | 70.00 | NOTE | |
r-patched-linux-x86_64 | 3.4.2 | 2.99 | 25.25 | 28.24 | OK | |
r-release-linux-x86_64 | 3.4.2 | 2.84 | 25.04 | 27.88 | OK | |
r-release-macos-arm64 | 3.4.2 | 36.00 | OK | |||
r-release-macos-x86_64 | 3.4.1 | 31.00 | OK | |||
r-release-windows-x86_64 | 3.4.2 | 10.00 | 54.00 | 64.00 | NOTE | |
r-oldrel-macos-arm64 | 3.4.2 | 43.00 | OK | |||
r-oldrel-macos-x86_64 | 3.4.2 | 53.00 | OK | |||
r-oldrel-windows-x86_64 | 3.4.2 | 9.00 | 57.00 | 66.00 | NOTE |
Version: 3.4.2
Check: package dependencies
Result: NOTE
Package suggested but not available for checking: 'unix'
Flavors: r-devel-windows-x86_64, r-release-windows-x86_64, r-oldrel-windows-x86_64