CRAN Package Check Results for Package svs

Last updated on 2023-06-10 05:52:48 CEST.

Flavor Version Tinstall Tcheck Ttotal Status Flags
r-devel-linux-x86_64-debian-clang 3.0.0 7.14 87.78 94.92 NOTE
r-devel-linux-x86_64-debian-gcc 3.0.0 6.59 67.41 74.00 NOTE
r-devel-linux-x86_64-fedora-clang 3.0.0 122.62 NOTE
r-devel-linux-x86_64-fedora-gcc 3.0.0 117.13 NOTE
r-devel-windows-x86_64 3.0.0 9.00 94.00 103.00 NOTE
r-patched-linux-x86_64 3.0.0 10.16 82.86 93.02 NOTE
r-release-linux-x86_64 3.0.0 9.67 83.39 93.06 NOTE
r-release-macos-arm64 3.0.0 37.00 NOTE
r-release-macos-x86_64 3.0.0 60.00 NOTE
r-release-windows-x86_64 3.0.0 12.00 108.00 120.00 NOTE
r-oldrel-macos-arm64 3.0.0 35.00 NOTE
r-oldrel-macos-x86_64 3.0.0 49.00 NOTE
r-oldrel-windows-x86_64 3.0.0 12.00 103.00 115.00 NOTE

Check Details

Version: 3.0.0
Check: LazyData
Result: NOTE
     'LazyData' is specified without a 'data' directory
Flavors: r-devel-linux-x86_64-debian-clang, r-devel-linux-x86_64-debian-gcc, r-devel-linux-x86_64-fedora-clang, r-devel-linux-x86_64-fedora-gcc, r-devel-windows-x86_64, r-patched-linux-x86_64, r-release-linux-x86_64, r-release-macos-arm64, r-release-macos-x86_64, r-release-windows-x86_64, r-oldrel-macos-arm64, r-oldrel-macos-x86_64, r-oldrel-windows-x86_64