Last updated on 2023-05-29 05:55:16 CEST.
Flavor | Version | Tinstall | Tcheck | Ttotal | Status | Flags |
---|---|---|---|---|---|---|
r-devel-linux-x86_64-debian-clang | 0.0.5 | 9.64 | 92.18 | 101.82 | OK | |
r-devel-linux-x86_64-debian-gcc | 0.0.5 | 8.63 | 70.99 | 79.62 | OK | |
r-devel-linux-x86_64-fedora-clang | 0.0.5 | 135.04 | NOTE | |||
r-devel-linux-x86_64-fedora-gcc | 0.0.5 | 125.89 | NOTE | |||
r-devel-windows-x86_64 | 0.0.5 | 11.00 | 102.00 | 113.00 | OK | |
r-patched-linux-x86_64 | 0.0.5 | 20.83 | 89.68 | 110.51 | OK | |
r-release-linux-x86_64 | 0.0.5 | 7.83 | 88.58 | 96.41 | OK | |
r-release-macos-arm64 | 0.0.5 | 43.00 | OK | |||
r-release-macos-x86_64 | 0.0.5 | 65.00 | OK | |||
r-release-windows-x86_64 | 0.0.5 | 14.00 | 116.00 | 130.00 | OK | |
r-oldrel-macos-arm64 | 0.0.5 | 37.00 | NOTE | |||
r-oldrel-macos-x86_64 | 0.0.5 | 60.00 | NOTE | |||
r-oldrel-windows-x86_64 | 0.0.5 | 14.00 | 99.00 | 113.00 | OK |
Version: 0.0.5
Check: dependencies in R code
Result: NOTE
Namespace in Imports field not imported from: ‘quadprog’
All declared Imports should be used.
Flavors: r-devel-linux-x86_64-fedora-clang, r-devel-linux-x86_64-fedora-gcc, r-oldrel-macos-arm64, r-oldrel-macos-x86_64