CRAN Package Check Results for Package survey

Last updated on 2024-02-28 05:13:06 CET.

Flavor Version Tinstall Tcheck Ttotal Status Flags
r-devel-linux-x86_64-debian-clang 4.2-1 31.93 416.43 448.36 NOTE
r-devel-linux-x86_64-debian-gcc 4.2-1 20.95 307.54 328.49 NOTE
r-devel-linux-x86_64-fedora-clang 4.2-1 551.45 NOTE
r-devel-linux-x86_64-fedora-gcc 4.2-1 546.05 NOTE
r-devel-windows-x86_64 4.2-1 26.00 368.00 394.00 OK
r-patched-linux-x86_64 4.2-1 27.82 406.98 434.80 OK
r-release-linux-x86_64 4.2-1 25.33 405.94 431.27 OK
r-release-macos-arm64 4.2-1 170.00 OK
r-release-macos-x86_64 4.2-1 530.00 OK
r-release-windows-x86_64 4.2-1 38.00 439.00 477.00 OK
r-oldrel-macos-arm64 4.2-1 159.00 OK
r-oldrel-windows-x86_64 4.2-1 37.00 442.00 479.00 OK

Check Details

Version: 4.2-1
Check: Rd files
Result: NOTE checkRd: (-1) svyquantile.Rd:58: Lost braces; missing escapes or markup? 58 | quantile interval; \code{"hf1"} to {"hf9"} are weighted analogues of | ^ Flavors: r-devel-linux-x86_64-debian-clang, r-devel-linux-x86_64-debian-gcc, r-devel-linux-x86_64-fedora-clang, r-devel-linux-x86_64-fedora-gcc