Last updated on 2023-06-09 05:55:13 CEST.
Flavor | Version | Tinstall | Tcheck | Ttotal | Status | Flags |
---|---|---|---|---|---|---|
r-devel-linux-x86_64-debian-clang | 0.1.2 | 80.28 | 75.57 | 155.85 | NOTE | |
r-devel-linux-x86_64-debian-gcc | 0.1.2 | 68.45 | 58.31 | 126.76 | NOTE | |
r-devel-linux-x86_64-fedora-clang | 0.1.2 | 238.65 | NOTE | |||
r-devel-linux-x86_64-fedora-gcc | 0.1.2 | 226.09 | NOTE | |||
r-devel-windows-x86_64 | 0.1.2 | 66.00 | 94.00 | 160.00 | NOTE | |
r-patched-linux-x86_64 | 0.1.2 | 74.72 | 72.36 | 147.08 | NOTE | |
r-release-linux-x86_64 | 0.1.2 | 70.47 | 71.08 | 141.55 | NOTE | |
r-release-macos-arm64 | 0.1.2 | 56.00 | NOTE | |||
r-release-macos-x86_64 | 0.1.2 | 98.00 | NOTE | |||
r-release-windows-x86_64 | 0.1.2 | 84.00 | 112.00 | 196.00 | NOTE | |
r-oldrel-macos-arm64 | 0.1.2 | 63.00 | OK | |||
r-oldrel-macos-x86_64 | 0.1.2 | 68.00 | OK | |||
r-oldrel-windows-x86_64 | 0.1.2 | 83.00 | 104.00 | 187.00 | OK |
Version: 0.1.2
Check: C++ specification
Result: NOTE
Specified C++11: please drop specification unless essential
Flavors: r-devel-linux-x86_64-debian-clang, r-devel-linux-x86_64-debian-gcc, r-devel-linux-x86_64-fedora-clang, r-devel-linux-x86_64-fedora-gcc, r-devel-windows-x86_64, r-patched-linux-x86_64, r-release-linux-x86_64, r-release-macos-arm64, r-release-macos-x86_64, r-release-windows-x86_64