Last updated on 2023-05-28 05:52:20 CEST.
Flavor | Version | Tinstall | Tcheck | Ttotal | Status | Flags |
---|---|---|---|---|---|---|
r-devel-linux-x86_64-debian-clang | 1.1.1 | 6.82 | 54.35 | 61.17 | NOTE | |
r-devel-linux-x86_64-debian-gcc | 1.1.1 | 4.76 | 40.79 | 45.55 | NOTE | |
r-devel-linux-x86_64-fedora-clang | 1.1.1 | 78.47 | NOTE | |||
r-devel-linux-x86_64-fedora-gcc | 1.1.1 | 72.48 | NOTE | |||
r-devel-windows-x86_64 | 1.1.1 | 7.00 | 60.00 | 67.00 | NOTE | |
r-patched-linux-x86_64 | 1.1.1 | 12.62 | 51.47 | 64.09 | NOTE | |
r-release-linux-x86_64 | 1.1.1 | 4.41 | 50.98 | 55.39 | NOTE | |
r-release-macos-arm64 | 1.1.1 | 25.00 | NOTE | |||
r-release-macos-x86_64 | 1.1.1 | 37.00 | NOTE | |||
r-release-windows-x86_64 | 1.1.1 | 8.00 | 67.00 | 75.00 | OK | |
r-oldrel-macos-arm64 | 1.1.1 | 27.00 | OK | |||
r-oldrel-macos-x86_64 | 1.1.1 | 37.00 | OK | |||
r-oldrel-windows-x86_64 | 1.1.1 | 9.00 | 71.00 | 80.00 | OK |
Version: 1.1.1
Check: package dependencies
Result: NOTE
Package suggested but not available for checking: ‘extraTrees’
Flavors: r-devel-linux-x86_64-debian-clang, r-devel-linux-x86_64-debian-gcc, r-devel-linux-x86_64-fedora-clang, r-devel-linux-x86_64-fedora-gcc, r-devel-windows-x86_64, r-patched-linux-x86_64, r-release-linux-x86_64, r-release-macos-arm64
Version: 1.1.1
Check: package dependencies
Result: NOTE
Packages suggested but not available for checking:
'arm', 'bartMachine', 'extraTrees', 'party', 'xgboost'
Flavor: r-release-macos-x86_64