Last updated on 2023-06-03 05:52:45 CEST.
Flavor | Version | Tinstall | Tcheck | Ttotal | Status | Flags |
---|---|---|---|---|---|---|
r-devel-linux-x86_64-debian-clang | 0.1.0 | 2.74 | 27.03 | 29.77 | OK | |
r-devel-linux-x86_64-debian-gcc | 0.1.0 | 2.22 | 21.52 | 23.74 | OK | |
r-devel-linux-x86_64-fedora-clang | 0.1.0 | 37.93 | OK | |||
r-devel-linux-x86_64-fedora-gcc | 0.1.0 | 35.84 | OK | |||
r-devel-windows-x86_64 | 0.1.0 | 5.00 | 45.00 | 50.00 | OK | |
r-patched-linux-x86_64 | 0.1.0 | OK | ||||
r-release-linux-x86_64 | 0.1.0 | 2.54 | 26.37 | 28.91 | OK | |
r-release-macos-arm64 | 0.1.0 | 20.00 | OK | |||
r-release-macos-x86_64 | 0.1.0 | 22.00 | NOTE | |||
r-release-windows-x86_64 | 0.1.0 | 5.00 | 45.00 | 50.00 | OK | |
r-oldrel-macos-arm64 | 0.1.0 | 16.00 | OK | |||
r-oldrel-macos-x86_64 | 0.1.0 | 28.00 | OK | |||
r-oldrel-windows-x86_64 | 0.1.0 | 5.00 | 49.00 | 54.00 | OK |
Version: 0.1.0
Check: package dependencies
Result: NOTE
Packages suggested but not available for checking: 'arm', 'caret', 'party'
Flavor: r-release-macos-x86_64