CRAN Package Check Results for Package stringi

Last updated on 2024-03-01 04:51:57 CET.

Flavor Version Tinstall Tcheck Ttotal Status Flags
r-devel-linux-x86_64-debian-clang 1.8.3 199.40 71.87 271.27 OK
r-devel-linux-x86_64-debian-gcc 1.8.3 133.15 53.03 186.18 OK
r-devel-linux-x86_64-fedora-clang 1.8.3 462.41 OK
r-devel-linux-x86_64-fedora-gcc 1.8.3 361.16 OK
r-devel-windows-x86_64 1.8.3 820.00 167.00 987.00 NOTE
r-patched-linux-x86_64 1.8.3 190.10 68.91 259.01 OK
r-release-linux-x86_64 1.8.3 184.53 69.33 253.86 OK
r-release-macos-arm64 1.8.3 103.00 NOTE
r-release-macos-x86_64 1.8.3 172.00 NOTE
r-release-windows-x86_64 1.8.3 695.00 169.00 864.00 NOTE
r-oldrel-macos-arm64 1.8.3 104.00 NOTE
r-oldrel-windows-x86_64 1.8.3 718.00 163.00 881.00 NOTE

Additional issues

noRemap

Check Details

Version: 1.8.3
Check: installed package size
Result: NOTE installed size is 35.4Mb sub-directories of 1Mb or more: libs 34.5Mb Flavors: r-devel-windows-x86_64, r-release-macos-arm64, r-release-macos-x86_64, r-release-windows-x86_64, r-oldrel-macos-arm64, r-oldrel-windows-x86_64