Last updated on 2023-06-09 05:55:13 CEST.
Flavor | Version | Tinstall | Tcheck | Ttotal | Status | Flags |
---|---|---|---|---|---|---|
r-devel-linux-x86_64-debian-clang | 1.3 | 2.45 | 41.20 | 43.65 | NOTE | |
r-devel-linux-x86_64-debian-gcc | 1.3 | 2.11 | 31.52 | 33.63 | NOTE | |
r-devel-linux-x86_64-fedora-clang | 1.3 | 55.69 | NOTE | |||
r-devel-linux-x86_64-fedora-gcc | 1.3 | 51.35 | NOTE | |||
r-devel-windows-x86_64 | 1.3 | 5.00 | 58.00 | 63.00 | OK | |
r-patched-linux-x86_64 | 1.3 | 2.74 | 38.54 | 41.28 | NOTE | |
r-release-linux-x86_64 | 1.3 | 2.67 | 38.57 | 41.24 | NOTE | |
r-release-macos-arm64 | 1.3 | 28.00 | OK | |||
r-release-macos-x86_64 | 1.3 | 31.00 | OK | |||
r-release-windows-x86_64 | 1.3 | 4.00 | 59.00 | 63.00 | OK | |
r-oldrel-macos-arm64 | 1.3 | 21.00 | NOTE | |||
r-oldrel-macos-x86_64 | 1.3 | 29.00 | NOTE | |||
r-oldrel-windows-x86_64 | 1.3 | 5.00 | 61.00 | 66.00 | OK |
Version: 1.3
Check: for non-standard things in the check directory
Result: NOTE
Found the following files/directories:
‘corrviz.html’
Flavors: r-devel-linux-x86_64-debian-clang, r-devel-linux-x86_64-debian-gcc, r-devel-linux-x86_64-fedora-clang, r-devel-linux-x86_64-fedora-gcc, r-patched-linux-x86_64, r-release-linux-x86_64
Version: 1.3
Check: dependencies in R code
Result: NOTE
Namespaces in Imports field not imported from:
‘SnowballC’ ‘tm’
All declared Imports should be used.
Flavors: r-devel-linux-x86_64-fedora-clang, r-devel-linux-x86_64-fedora-gcc, r-oldrel-macos-arm64, r-oldrel-macos-x86_64