Last updated on 2023-12-11 04:51:28 CET.
Flavor | Version | Tinstall | Tcheck | Ttotal | Status | Flags |
---|---|---|---|---|---|---|
r-devel-linux-x86_64-debian-clang | 1.0.1 | 195.24 | 177.91 | 373.15 | OK | |
r-devel-linux-x86_64-debian-gcc | 1.0.1 | 167.37 | 133.89 | 301.26 | OK | |
r-devel-linux-x86_64-fedora-clang | 1.0.1 | 424.25 | OK | |||
r-devel-linux-x86_64-fedora-gcc | 1.0.1 | 579.64 | OK | |||
r-devel-windows-x86_64 | 1.0.1 | 137.00 | 159.00 | 296.00 | NOTE | |
r-patched-linux-x86_64 | 1.0.1 | 181.67 | 175.69 | 357.36 | OK | |
r-release-linux-x86_64 | 1.0.1 | 184.23 | 174.56 | 358.79 | OK | |
r-release-macos-arm64 | 1.0.1 | 183.00 | NOTE | |||
r-release-macos-x86_64 | 1.0.1 | 289.00 | NOTE | |||
r-release-windows-x86_64 | 1.0.1 | 173.00 | 208.00 | 381.00 | NOTE | |
r-oldrel-macos-arm64 | 0.0.2 | 119.00 | NOTE | |||
r-oldrel-macos-x86_64 | 0.0.2 | 157.00 | NOTE | |||
r-oldrel-windows-x86_64 | 0.0.2 | 152.00 | 172.00 | 324.00 | NOTE |
Version: 1.0.1
Check: installed package size
Result: NOTE
installed size is 14.6Mb
sub-directories of 1Mb or more:
libs 13.5Mb
Flavors: r-devel-windows-x86_64, r-release-macos-arm64, r-release-macos-x86_64, r-release-windows-x86_64
Version: 0.0.2
Check: package dependencies
Result: NOTE
Package suggested but not available for checking: ‘INLA’
Flavors: r-oldrel-macos-arm64, r-oldrel-macos-x86_64, r-oldrel-windows-x86_64
Version: 0.0.2
Check: installed package size
Result: NOTE
installed size is 65.4Mb
sub-directories of 1Mb or more:
libs 64.2Mb
Flavors: r-oldrel-macos-arm64, r-oldrel-macos-x86_64, r-oldrel-windows-x86_64