Last updated on 2023-06-04 05:50:56 CEST.
Flavor | Version | Tinstall | Tcheck | Ttotal | Status | Flags |
---|---|---|---|---|---|---|
r-devel-linux-x86_64-debian-clang | 2019.6 | 14.16 | 490.96 | 505.12 | NOTE | |
r-devel-linux-x86_64-debian-gcc | 2019.6 | 10.02 | 371.32 | 381.34 | NOTE | |
r-devel-linux-x86_64-fedora-clang | 2019.6 | 642.55 | NOTE | |||
r-devel-linux-x86_64-fedora-gcc | 2019.6 | 629.20 | NOTE | |||
r-devel-windows-x86_64 | 2019.6 | 56.00 | 214.00 | 270.00 | NOTE | |
r-patched-linux-x86_64 | 2019.6 | 12.24 | 431.12 | 443.36 | NOTE | |
r-release-linux-x86_64 | 2019.6 | 10.08 | 421.52 | 431.60 | NOTE | |
r-release-macos-arm64 | 2019.6 | 101.00 | NOTE | |||
r-release-macos-x86_64 | 2019.6 | 176.00 | NOTE | |||
r-release-windows-x86_64 | 2019.6 | 74.00 | 276.00 | 350.00 | NOTE | |
r-oldrel-macos-arm64 | 2019.6 | 98.00 | OK | |||
r-oldrel-macos-x86_64 | 2019.6 | 216.00 | OK | |||
r-oldrel-windows-x86_64 | 2019.6 | 75.00 | 379.00 | 454.00 | OK |
Version: 2019.6
Check: package dependencies
Result: NOTE
Package suggested but not available for checking: ‘networksis’
Flavors: r-devel-linux-x86_64-debian-clang, r-devel-linux-x86_64-debian-gcc, r-devel-linux-x86_64-fedora-clang, r-devel-linux-x86_64-fedora-gcc, r-devel-windows-x86_64, r-patched-linux-x86_64, r-release-linux-x86_64, r-release-macos-arm64, r-release-macos-x86_64
Version: 2019.6
Check: startup messages can be suppressed
Result: NOTE
unable to reach CRAN
It looks like this package (or a package it requires) has a startup
message which cannot be suppressed: see ?packageStartupMessage.
Flavors: r-devel-windows-x86_64, r-release-macos-arm64, r-release-macos-x86_64, r-release-windows-x86_64