Last updated on 2023-05-28 05:52:20 CEST.
Flavor | Version | Tinstall | Tcheck | Ttotal | Status | Flags |
---|---|---|---|---|---|---|
r-devel-linux-x86_64-debian-clang | 0.0.6 | 6.40 | 104.84 | 111.24 | NOTE | |
r-devel-linux-x86_64-debian-gcc | 0.0.6 | 5.79 | 80.92 | 86.71 | NOTE | |
r-devel-linux-x86_64-fedora-clang | 0.0.6 | 144.72 | NOTE | |||
r-devel-linux-x86_64-fedora-gcc | 0.0.6 | 153.72 | NOTE | |||
r-devel-windows-x86_64 | 0.0.6 | 8.00 | 113.00 | 121.00 | NOTE | |
r-patched-linux-x86_64 | 0.0.6 | 6.42 | 100.92 | 107.34 | NOTE | |
r-release-linux-x86_64 | 0.0.6 | 6.44 | 102.45 | 108.89 | NOTE | |
r-release-macos-arm64 | 0.0.6 | 57.00 | NOTE | |||
r-release-macos-x86_64 | 0.0.6 | 80.00 | NOTE | |||
r-release-windows-x86_64 | 0.0.6 | 9.00 | 134.00 | 143.00 | NOTE | |
r-oldrel-macos-arm64 | 0.0.6 | 50.00 | NOTE | |||
r-oldrel-macos-x86_64 | 0.0.6 | 59.00 | NOTE | |||
r-oldrel-windows-x86_64 | 0.0.6 | 9.00 | 127.00 | 136.00 | NOTE |
Version: 0.0.6
Check: LazyData
Result: NOTE
'LazyData' is specified without a 'data' directory
Flavors: r-devel-linux-x86_64-debian-clang, r-devel-linux-x86_64-debian-gcc, r-devel-linux-x86_64-fedora-clang, r-devel-linux-x86_64-fedora-gcc, r-devel-windows-x86_64, r-patched-linux-x86_64, r-release-linux-x86_64, r-release-macos-arm64, r-release-macos-x86_64, r-release-windows-x86_64, r-oldrel-macos-arm64, r-oldrel-macos-x86_64, r-oldrel-windows-x86_64
Version: 0.0.6
Check: package dependencies
Result: NOTE
Package which this enhances but not available for checking: ‘CVXR’
Flavor: r-release-macos-x86_64