CRAN Package Check Results for Package starma

Last updated on 2023-05-29 05:55:16 CEST.

Flavor Version Tinstall Tcheck Ttotal Status Flags
r-devel-linux-x86_64-debian-clang 1.3 56.87 66.75 123.62 OK
r-devel-linux-x86_64-debian-gcc 1.3 44.64 50.87 95.51 OK
r-devel-linux-x86_64-fedora-clang 1.3 182.99 NOTE
r-devel-linux-x86_64-fedora-gcc 1.3 160.73 NOTE
r-devel-windows-x86_64 1.3 46.00 91.00 137.00 OK
r-patched-linux-x86_64 1.3 46.64 63.09 109.73 OK
r-release-linux-x86_64 1.3 44.89 62.68 107.57 OK
r-release-macos-arm64 1.3 50.00 OK
r-release-macos-x86_64 1.3 81.00 OK
r-release-windows-x86_64 1.3 58.00 109.00 167.00 OK
r-oldrel-macos-arm64 1.3 49.00 OK
r-oldrel-macos-x86_64 1.3 82.00 OK
r-oldrel-windows-x86_64 1.3 54.00 104.00 158.00 OK

Check Details

Version: 1.3
Check: compiled code
Result: NOTE
    File ‘starma/libs/starma.so’:
     Found no calls to: ‘R_registerRoutines’, ‘R_useDynamicSymbols’
    
    It is good practice to register native routines and to disable symbol
    search.
    
    See ‘Writing portable packages’ in the ‘Writing R Extensions’ manual.
Flavors: r-devel-linux-x86_64-fedora-clang, r-devel-linux-x86_64-fedora-gcc