Last updated on 2023-06-03 05:52:45 CEST.
Flavor | Version | Tinstall | Tcheck | Ttotal | Status | Flags |
---|---|---|---|---|---|---|
r-devel-linux-x86_64-debian-clang | 1.2.2 | 7.15 | 45.09 | 52.24 | OK | |
r-devel-linux-x86_64-debian-gcc | 1.2.2 | 6.34 | 35.70 | 42.04 | OK | |
r-devel-linux-x86_64-fedora-clang | 1.2.2 | 74.60 | NOTE | |||
r-devel-linux-x86_64-fedora-gcc | 1.2.2 | 80.50 | NOTE | |||
r-devel-windows-x86_64 | 1.2.2 | 9.00 | 64.00 | 73.00 | OK | |
r-patched-linux-x86_64 | 1.2.2 | OK | ||||
r-release-linux-x86_64 | 1.2.2 | 5.42 | 43.91 | 49.33 | OK | |
r-release-macos-arm64 | 1.2.2 | 32.00 | OK | |||
r-release-macos-x86_64 | 1.2.2 | 48.00 | OK | |||
r-release-windows-x86_64 | 1.2.2 | 12.00 | 69.00 | 81.00 | OK | |
r-oldrel-macos-arm64 | 1.2.2 | 23.00 | NOTE | |||
r-oldrel-macos-x86_64 | 1.2.2 | 38.00 | NOTE | |||
r-oldrel-windows-x86_64 | 1.2.2 | 10.00 | 68.00 | 78.00 | OK |
Version: 1.2.2
Check: dependencies in R code
Result: NOTE
Namespace in Imports field not imported from: ‘biomod2’
All declared Imports should be used.
Flavors: r-devel-linux-x86_64-fedora-clang, r-devel-linux-x86_64-fedora-gcc, r-oldrel-macos-arm64, r-oldrel-macos-x86_64