CRAN Package Check Results for Package speechbr

Last updated on 2024-04-20 05:59:08 CEST.

Flavor Version Tinstall Tcheck Ttotal Status Flags
r-devel-linux-x86_64-debian-clang 2.0.0 3.64 31.06 34.70 OK
r-devel-linux-x86_64-debian-gcc 2.0.0 2.49 24.40 26.89 OK
r-devel-linux-x86_64-fedora-clang 2.0.0 44.07 NOTE
r-devel-linux-x86_64-fedora-gcc 2.0.0 41.50 NOTE
r-prerel-macos-arm64 2.0.0 18.00 OK
r-prerel-windows-x86_64 2.0.0 4.00 50.00 54.00 OK
r-patched-linux-x86_64 2.0.0 2.14 30.38 32.52 OK
r-release-linux-x86_64 2.0.0 2.22 31.10 33.32 OK
r-release-macos-arm64 2.0.0 23.00 OK
r-release-macos-x86_64 2.0.0 34.00 OK
r-release-windows-x86_64 2.0.0 5.00 50.00 55.00 OK
r-oldrel-macos-arm64 2.0.0 17.00 NOTE
r-oldrel-windows-x86_64 2.0.0 5.00 56.00 61.00 OK

Check Details

Version: 2.0.0
Check: dependencies in R code
Result: NOTE Namespaces in Imports field not imported from: ‘glue’ ‘httptest’ All declared Imports should be used. Flavors: r-devel-linux-x86_64-fedora-clang, r-devel-linux-x86_64-fedora-gcc, r-oldrel-macos-arm64