Last updated on 2023-06-05 05:54:49 CEST.
Flavor | Version | Tinstall | Tcheck | Ttotal | Status | Flags |
---|---|---|---|---|---|---|
r-devel-linux-x86_64-debian-clang | 0.1.1 | 44.27 | 36.64 | 80.91 | NOTE | |
r-devel-linux-x86_64-debian-gcc | 0.1.1 | 35.00 | 28.17 | 63.17 | NOTE | |
r-devel-linux-x86_64-fedora-clang | 0.1.1 | 120.18 | NOTE | |||
r-devel-linux-x86_64-fedora-gcc | 0.1.1 | 115.33 | NOTE | |||
r-devel-windows-x86_64 | 0.1.1 | 34.00 | 70.00 | 104.00 | NOTE | |
r-patched-linux-x86_64 | 0.1.1 | 41.73 | 35.88 | 77.61 | NOTE | |
r-release-linux-x86_64 | 0.1.1 | 39.68 | 35.24 | 74.92 | NOTE | |
r-release-macos-arm64 | 0.1.1 | 34.00 | NOTE | |||
r-release-macos-x86_64 | 0.1.1 | 55.00 | NOTE | |||
r-release-windows-x86_64 | 0.1.1 | 46.00 | 78.00 | 124.00 | NOTE | |
r-oldrel-macos-arm64 | 0.1.1 | 42.00 | OK | |||
r-oldrel-macos-x86_64 | 0.1.1 | 43.00 | OK | |||
r-oldrel-windows-x86_64 | 0.1.1 | 44.00 | 76.00 | 120.00 | OK |
Version: 0.1.1
Check: C++ specification
Result: NOTE
Specified C++11: please drop specification unless essential
Flavors: r-devel-linux-x86_64-debian-clang, r-devel-linux-x86_64-debian-gcc, r-devel-linux-x86_64-fedora-clang, r-devel-linux-x86_64-fedora-gcc, r-devel-windows-x86_64, r-patched-linux-x86_64, r-release-linux-x86_64, r-release-macos-arm64, r-release-macos-x86_64, r-release-windows-x86_64