Last updated on 2023-05-29 05:55:15 CEST.
Flavor | Version | Tinstall | Tcheck | Ttotal | Status | Flags |
---|---|---|---|---|---|---|
r-devel-linux-x86_64-debian-clang | 0.0.1.7 | 58.32 | 33.03 | 91.35 | NOTE | |
r-devel-linux-x86_64-debian-gcc | 0.0.1.7 | 40.15 | 25.96 | 66.11 | NOTE | |
r-devel-linux-x86_64-fedora-clang | 0.0.1.7 | 152.59 | NOTE | |||
r-devel-linux-x86_64-fedora-gcc | 0.0.1.7 | 133.29 | NOTE | |||
r-devel-windows-x86_64 | 0.0.1.7 | 40.00 | 70.00 | 110.00 | NOTE | |
r-patched-linux-x86_64 | 0.0.1.7 | 50.13 | 32.41 | 82.54 | NOTE | |
r-release-linux-x86_64 | 0.0.1.7 | 44.58 | 32.24 | 76.82 | NOTE | |
r-release-macos-arm64 | 0.0.1.7 | 40.00 | NOTE | |||
r-release-macos-x86_64 | 0.0.1.7 | 68.00 | NOTE | |||
r-release-windows-x86_64 | 0.0.1.7 | 43.00 | 79.00 | 122.00 | NOTE | |
r-oldrel-macos-arm64 | 0.0.1.7 | 36.00 | NOTE | |||
r-oldrel-macos-x86_64 | 0.0.1.7 | 45.00 | NOTE | |||
r-oldrel-windows-x86_64 | 0.0.1.7 | 54.00 | 76.00 | 130.00 | NOTE |
Version: 0.0.1.7
Check: package subdirectories
Result: NOTE
Problems with news in ‘NEWS.md’:
Cannot extract version info from the following section titles:
Roadmap of specklestar package
Flavors: r-devel-linux-x86_64-debian-clang, r-devel-linux-x86_64-debian-gcc, r-devel-linux-x86_64-fedora-clang, r-devel-linux-x86_64-fedora-gcc, r-devel-windows-x86_64, r-patched-linux-x86_64, r-release-linux-x86_64, r-release-macos-arm64, r-release-macos-x86_64, r-release-windows-x86_64
Version: 0.0.1.7
Check: LazyData
Result: NOTE
'LazyData' is specified without a 'data' directory
Flavors: r-devel-linux-x86_64-debian-clang, r-devel-linux-x86_64-debian-gcc, r-devel-linux-x86_64-fedora-clang, r-devel-linux-x86_64-fedora-gcc, r-devel-windows-x86_64, r-patched-linux-x86_64, r-release-linux-x86_64, r-release-macos-arm64, r-release-macos-x86_64, r-release-windows-x86_64, r-oldrel-macos-arm64, r-oldrel-macos-x86_64, r-oldrel-windows-x86_64