CRAN Package Check Results for Package spatstat.geom

Last updated on 2024-02-28 05:13:05 CET.

Flavor Version Tinstall Tcheck Ttotal Status Flags
r-devel-linux-x86_64-debian-clang 3.2-8 69.88 427.45 497.33 OK
r-devel-linux-x86_64-debian-gcc 3.2-8 56.71 311.59 368.30 OK
r-devel-linux-x86_64-fedora-clang 3.2-8 588.92 OK
r-devel-linux-x86_64-fedora-gcc 3.2-8 589.00 OK
r-devel-windows-x86_64 3.2-8 74.00 440.00 514.00 OK
r-patched-linux-x86_64 3.2-8 78.37 408.61 486.98 OK
r-release-linux-x86_64 3.2-8 64.66 412.34 477.00 OK
r-release-macos-arm64 3.2-8 149.00 NOTE
r-release-macos-x86_64 3.2-8 418.00 NOTE
r-release-windows-x86_64 3.2-8 95.00 563.00 658.00 OK
r-oldrel-macos-arm64 3.2-8 147.00 NOTE
r-oldrel-windows-x86_64 3.2-8 93.00 579.00 672.00 OK

Check Details

Version: 3.2-8
Check: installed package size
Result: NOTE installed size is 5.2Mb sub-directories of 1Mb or more: R 2.1Mb help 1.9Mb Flavors: r-release-macos-arm64, r-release-macos-x86_64, r-oldrel-macos-arm64