Last updated on 2023-06-01 05:56:07 CEST.
Flavor | Version | Tinstall | Tcheck | Ttotal | Status | Flags |
---|---|---|---|---|---|---|
r-devel-linux-x86_64-debian-clang | 0.2.3 | 284.35 | 37.23 | 321.58 | NOTE | |
r-devel-linux-x86_64-debian-gcc | 0.2.3 | 257.17 | 29.48 | 286.65 | NOTE | |
r-devel-linux-x86_64-fedora-clang | 0.2.3 | 471.70 | NOTE | |||
r-devel-linux-x86_64-fedora-gcc | 0.2.3 | 546.32 | NOTE | |||
r-devel-windows-x86_64 | 0.2.3 | 215.00 | 94.00 | 309.00 | NOTE | |
r-patched-linux-x86_64 | 0.2.3 | NOTE | ||||
r-release-linux-x86_64 | 0.2.3 | 279.43 | 36.82 | 316.25 | NOTE | |
r-release-macos-arm64 | 0.2.3 | 120.00 | NOTE | |||
r-release-macos-x86_64 | 0.2.3 | 191.00 | NOTE | |||
r-release-windows-x86_64 | 0.2.3 | 281.00 | 99.00 | 380.00 | NOTE | |
r-oldrel-macos-arm64 | 0.2.3 | 102.00 | NOTE | |||
r-oldrel-macos-x86_64 | 0.2.3 | 135.00 | NOTE | |||
r-oldrel-windows-x86_64 | 0.2.3 | 264.00 | 96.00 | 360.00 | OK |
Version: 0.2.3
Check: C++ specification
Result: NOTE
Specified C++11: please drop specification unless essential
Flavors: r-devel-linux-x86_64-debian-clang, r-devel-linux-x86_64-debian-gcc, r-devel-linux-x86_64-fedora-clang, r-devel-linux-x86_64-fedora-gcc, r-devel-windows-x86_64, r-patched-linux-x86_64, r-release-linux-x86_64, r-release-macos-arm64, r-release-macos-x86_64, r-release-windows-x86_64
Version: 0.2.3
Check: installed package size
Result: NOTE
installed size is 14.9Mb
sub-directories of 1Mb or more:
doc 1.2Mb
libs 13.4Mb
Flavors: r-release-macos-arm64, r-release-macos-x86_64, r-oldrel-macos-arm64, r-oldrel-macos-x86_64