Last updated on 2023-06-05 05:54:48 CEST.
Flavor | Version | Tinstall | Tcheck | Ttotal | Status | Flags |
---|---|---|---|---|---|---|
r-devel-linux-x86_64-debian-clang | 0.1.0 | 89.36 | 87.78 | 177.14 | NOTE | |
r-devel-linux-x86_64-debian-gcc | 0.1.0 | 68.44 | 65.76 | 134.20 | NOTE | |
r-devel-linux-x86_64-fedora-clang | 0.1.0 | 265.25 | NOTE | |||
r-devel-linux-x86_64-fedora-gcc | 0.1.0 | 238.52 | NOTE | |||
r-devel-windows-x86_64 | 0.1.0 | 70.00 | 101.00 | 171.00 | NOTE | |
r-patched-linux-x86_64 | 0.1.0 | 77.51 | 83.44 | 160.95 | NOTE | |
r-release-linux-x86_64 | 0.1.0 | 78.18 | 83.42 | 161.60 | NOTE | |
r-release-macos-arm64 | 0.1.0 | 62.00 | NOTE | |||
r-release-macos-x86_64 | 0.1.0 | 104.00 | NOTE | |||
r-release-windows-x86_64 | 0.1.0 | 86.00 | 114.00 | 200.00 | NOTE | |
r-oldrel-macos-arm64 | 0.1.0 | 56.00 | OK | |||
r-oldrel-macos-x86_64 | 0.1.0 | 77.00 | OK | |||
r-oldrel-windows-x86_64 | 0.1.0 | 90.00 | 113.00 | 203.00 | OK |
Version: 0.1.0
Check: C++ specification
Result: NOTE
Specified C++11: please drop specification unless essential
Flavors: r-devel-linux-x86_64-debian-clang, r-devel-linux-x86_64-debian-gcc, r-devel-linux-x86_64-fedora-clang, r-devel-linux-x86_64-fedora-gcc, r-devel-windows-x86_64, r-patched-linux-x86_64, r-release-linux-x86_64, r-release-macos-arm64, r-release-macos-x86_64, r-release-windows-x86_64