Last updated on 2023-06-06 05:55:24 CEST.
Flavor | Version | Tinstall | Tcheck | Ttotal | Status | Flags |
---|---|---|---|---|---|---|
r-devel-linux-x86_64-debian-clang | 0.3.2 | 37.92 | 29.91 | 67.83 | OK | |
r-devel-linux-x86_64-debian-gcc | 0.3.2 | 26.74 | 23.63 | 50.37 | OK | |
r-devel-linux-x86_64-fedora-clang | 0.3.2 | 94.33 | OK | |||
r-devel-linux-x86_64-fedora-gcc | 0.3.2 | 87.10 | OK | |||
r-devel-windows-x86_64 | 0.3.2 | 31.00 | 79.00 | 110.00 | OK | |
r-patched-linux-x86_64 | 0.3.2 | 29.16 | 28.88 | 58.04 | OK | |
r-release-linux-x86_64 | 0.3.2 | 25.79 | 29.23 | 55.02 | OK | |
r-release-macos-arm64 | 0.3.2 | 28.00 | NOTE | |||
r-release-macos-x86_64 | 0.3.2 | 44.00 | NOTE | |||
r-release-windows-x86_64 | 0.3.2 | 28.00 | 93.00 | 121.00 | OK | |
r-oldrel-macos-arm64 | 0.3.2 | 29.00 | NOTE | |||
r-oldrel-macos-x86_64 | 0.3.2 | 36.00 | NOTE | |||
r-oldrel-windows-x86_64 | 0.3.2 | 38.00 | 68.00 | 106.00 | OK |
Version: 0.3.2
Check: installed package size
Result: NOTE
installed size is 5.3Mb
sub-directories of 1Mb or more:
include 2.1Mb
libs 3.1Mb
Flavors: r-release-macos-arm64, r-release-macos-x86_64, r-oldrel-macos-arm64, r-oldrel-macos-x86_64