Last updated on 2023-05-28 05:52:20 CEST.
Flavor | Version | Tinstall | Tcheck | Ttotal | Status | Flags |
---|---|---|---|---|---|---|
r-devel-linux-x86_64-debian-clang | 0.6.1 | 120.57 | 330.98 | 451.55 | OK | |
r-devel-linux-x86_64-debian-gcc | 0.6.1 | 100.11 | 241.05 | 341.16 | OK | |
r-devel-linux-x86_64-fedora-clang | 0.6.1 | 593.86 | OK | |||
r-devel-linux-x86_64-fedora-gcc | 0.6.1 | 557.87 | OK | |||
r-devel-windows-x86_64 | 0.6.1 | 98.00 | 268.00 | 366.00 | OK | |
r-patched-linux-x86_64 | 0.6.1 | 78.64 | 312.77 | 391.41 | OK | |
r-release-linux-x86_64 | 0.6.1 | 99.49 | 314.16 | 413.65 | OK | |
r-release-macos-arm64 | 0.6.1 | 129.00 | NOTE | |||
r-release-macos-x86_64 | 0.6.1 | 241.00 | NOTE | |||
r-release-windows-x86_64 | 0.6.1 | 131.00 | 333.00 | 464.00 | OK | |
r-oldrel-macos-arm64 | 0.6.1 | 100.00 | NOTE | |||
r-oldrel-macos-x86_64 | 0.6.1 | 158.00 | OK | |||
r-oldrel-windows-x86_64 | 0.6.1 | 116.00 | 317.00 | 433.00 | OK |
Version: 0.6.1
Check: installed package size
Result: NOTE
installed size is 5.4Mb
sub-directories of 1Mb or more:
R 2.1Mb
libs 2.2Mb
Flavors: r-release-macos-arm64, r-release-macos-x86_64, r-oldrel-macos-arm64