CRAN Package Check Results for Package smpic

Last updated on 2023-05-29 05:55:15 CEST.

Flavor Version Tinstall Tcheck Ttotal Status Flags
r-devel-linux-x86_64-debian-clang 0.1.0 2.16 40.78 42.94 NOTE
r-devel-linux-x86_64-debian-gcc 0.1.0 1.80 30.42 32.22 NOTE
r-devel-linux-x86_64-fedora-clang 0.1.0 53.78 NOTE
r-devel-linux-x86_64-fedora-gcc 0.1.0 62.30 NOTE
r-devel-windows-x86_64 0.1.0 5.00 54.00 59.00 OK
r-patched-linux-x86_64 0.1.0 1.87 38.32 40.19 NOTE
r-release-linux-x86_64 0.1.0 2.29 38.36 40.65 NOTE
r-release-macos-arm64 0.1.0 28.00 OK
r-release-macos-x86_64 0.1.0 39.00 OK
r-release-windows-x86_64 0.1.0 4.00 63.00 67.00 OK
r-oldrel-macos-arm64 0.1.0 21.00 OK
r-oldrel-macos-x86_64 0.1.0 41.00 OK
r-oldrel-windows-x86_64 0.1.0 4.00 61.00 65.00 OK

Check Details

Version: 0.1.0
Check: for non-standard things in the check directory
Result: NOTE
    Found the following files/directories:
     ‘my_new_social_media_plot.png’
Flavors: r-devel-linux-x86_64-debian-clang, r-devel-linux-x86_64-debian-gcc, r-devel-linux-x86_64-fedora-clang, r-devel-linux-x86_64-fedora-gcc, r-patched-linux-x86_64, r-release-linux-x86_64