Last updated on 2023-06-08 05:58:22 CEST.
Flavor | Version | Tinstall | Tcheck | Ttotal | Status | Flags |
---|---|---|---|---|---|---|
r-devel-linux-x86_64-debian-clang | 0.1.0 | 7.54 | 84.53 | 92.07 | NOTE | |
r-devel-linux-x86_64-debian-gcc | 0.1.0 | 6.50 | 65.24 | 71.74 | NOTE | |
r-devel-linux-x86_64-fedora-clang | 0.1.0 | 114.43 | NOTE | |||
r-devel-linux-x86_64-fedora-gcc | 0.1.0 | 111.37 | NOTE | |||
r-devel-windows-x86_64 | 0.1.0 | 7.00 | 89.00 | 96.00 | NOTE | |
r-patched-linux-x86_64 | 0.1.0 | 9.80 | 81.60 | 91.40 | NOTE | |
r-release-linux-x86_64 | 0.1.0 | 5.27 | 81.99 | 87.26 | NOTE | |
r-release-macos-arm64 | 0.1.0 | 43.00 | NOTE | |||
r-release-macos-x86_64 | 0.1.0 | 69.00 | NOTE | |||
r-release-windows-x86_64 | 0.1.0 | 10.00 | 99.00 | 109.00 | NOTE | |
r-oldrel-macos-arm64 | 0.1.0 | 38.00 | NOTE | |||
r-oldrel-macos-x86_64 | 0.1.0 | 67.00 | NOTE | |||
r-oldrel-windows-x86_64 | 0.1.0 | 11.00 | 100.00 | 111.00 | NOTE |
Version: 0.1.0
Check: LazyData
Result: NOTE
'LazyData' is specified without a 'data' directory
Flavors: r-devel-linux-x86_64-debian-clang, r-devel-linux-x86_64-debian-gcc, r-devel-linux-x86_64-fedora-clang, r-devel-linux-x86_64-fedora-gcc, r-devel-windows-x86_64, r-patched-linux-x86_64, r-release-linux-x86_64, r-release-macos-arm64, r-release-macos-x86_64, r-release-windows-x86_64, r-oldrel-macos-arm64, r-oldrel-macos-x86_64, r-oldrel-windows-x86_64