CRAN Package Check Results for Package smoothAPC

Last updated on 2024-04-18 06:10:01 CEST.

Flavor Version Tinstall Tcheck Ttotal Status Flags
r-devel-linux-x86_64-debian-clang 0.3 9.07 123.44 132.51 NOTE
r-devel-linux-x86_64-debian-gcc 0.3 8.93 94.19 103.12 NOTE
r-devel-linux-x86_64-fedora-clang 0.3 178.55 NOTE
r-devel-linux-x86_64-fedora-gcc 0.3 153.31 NOTE
r-prerel-macos-arm64 0.3 47.00 NOTE
r-prerel-windows-x86_64 0.3 10.00 109.00 119.00 NOTE
r-patched-linux-x86_64 0.3 11.49 119.55 131.04 NOTE
r-release-linux-x86_64 0.3 8.99 127.02 136.01 NOTE
r-release-macos-arm64 0.3 57.00 NOTE
r-release-macos-x86_64 0.3 87.00 NOTE
r-release-windows-x86_64 0.3 17.00 124.00 141.00 NOTE
r-oldrel-macos-arm64 0.3 68.00 NOTE
r-oldrel-windows-x86_64 0.3 14.00 128.00 142.00 NOTE

Check Details

Version: 0.3
Check: LazyData
Result: NOTE 'LazyData' is specified without a 'data' directory Flavors: r-devel-linux-x86_64-debian-clang, r-devel-linux-x86_64-debian-gcc, r-devel-linux-x86_64-fedora-clang, r-devel-linux-x86_64-fedora-gcc, r-prerel-macos-arm64, r-prerel-windows-x86_64, r-patched-linux-x86_64, r-release-linux-x86_64, r-release-macos-arm64, r-release-macos-x86_64, r-release-windows-x86_64, r-oldrel-macos-arm64, r-oldrel-windows-x86_64

Version: 0.3
Check: dependencies in R code
Result: NOTE Namespaces in Imports field not imported from: ‘compiler’ ‘lmtest’ All declared Imports should be used. Flavors: r-devel-linux-x86_64-fedora-clang, r-devel-linux-x86_64-fedora-gcc, r-oldrel-macos-arm64

Version: 0.3
Check: package dependencies
Result: NOTE Package suggested but not available for checking: ‘demography’ Flavor: r-release-macos-x86_64