Last updated on 2023-06-07 05:58:33 CEST.
Flavor | Version | Tinstall | Tcheck | Ttotal | Status | Flags |
---|---|---|---|---|---|---|
r-devel-linux-x86_64-debian-clang | 0.6.6 | 3.00 | 32.59 | 35.59 | NOTE | |
r-devel-linux-x86_64-debian-gcc | 0.6.6 | 1.80 | 25.16 | 26.96 | NOTE | |
r-devel-linux-x86_64-fedora-clang | 0.6.6 | 42.54 | NOTE | |||
r-devel-linux-x86_64-fedora-gcc | 0.6.6 | 53.56 | NOTE | |||
r-devel-windows-x86_64 | 0.6.6 | 8.00 | 50.00 | 58.00 | NOTE | |
r-patched-linux-x86_64 | 0.6.6 | 3.27 | 28.27 | 31.54 | NOTE | |
r-release-linux-x86_64 | 0.6.6 | 3.04 | 28.98 | 32.02 | NOTE | |
r-release-macos-arm64 | 0.6.6 | 26.00 | NOTE | |||
r-release-macos-x86_64 | 0.6.6 | 35.00 | NOTE | |||
r-release-windows-x86_64 | 0.6.6 | 4.00 | 50.00 | 54.00 | NOTE | |
r-oldrel-macos-arm64 | 0.6.6 | 23.00 | NOTE | |||
r-oldrel-macos-x86_64 | 0.6.6 | 26.00 | NOTE | |||
r-oldrel-windows-x86_64 | 0.6.6 | 4.00 | 49.00 | 53.00 | NOTE |
Version: 0.6.6
Check: LazyData
Result: NOTE
'LazyData' is specified without a 'data' directory
Flavors: r-devel-linux-x86_64-debian-clang, r-devel-linux-x86_64-debian-gcc, r-devel-linux-x86_64-fedora-clang, r-devel-linux-x86_64-fedora-gcc, r-devel-windows-x86_64, r-patched-linux-x86_64, r-release-linux-x86_64, r-release-macos-arm64, r-release-macos-x86_64, r-release-windows-x86_64, r-oldrel-macos-arm64, r-oldrel-macos-x86_64, r-oldrel-windows-x86_64
Version: 0.6.6
Check: dependencies in R code
Result: NOTE
Namespace in Imports field not imported from: ‘methods’
All declared Imports should be used.
Flavors: r-devel-linux-x86_64-fedora-clang, r-devel-linux-x86_64-fedora-gcc, r-oldrel-macos-x86_64