Last updated on 2023-06-06 05:55:24 CEST.
Flavor | Version | Tinstall | Tcheck | Ttotal | Status | Flags |
---|---|---|---|---|---|---|
r-devel-linux-x86_64-debian-clang | 0.1.1 | 2.45 | 81.64 | 84.09 | OK | |
r-devel-linux-x86_64-debian-gcc | 0.1.1 | 1.71 | 62.15 | 63.86 | OK | |
r-devel-linux-x86_64-fedora-clang | 0.1.1 | 102.41 | NOTE | |||
r-devel-linux-x86_64-fedora-gcc | 0.1.1 | 125.42 | NOTE | |||
r-devel-windows-x86_64 | 0.1.1 | 5.00 | 85.00 | 90.00 | OK | |
r-patched-linux-x86_64 | 0.1.1 | 2.28 | 81.23 | 83.51 | OK | |
r-release-linux-x86_64 | 0.1.1 | 1.93 | 81.25 | 83.18 | OK | |
r-release-macos-arm64 | 0.1.1 | 54.00 | OK | |||
r-release-macos-x86_64 | 0.1.1 | 67.00 | OK | |||
r-release-windows-x86_64 | 0.1.1 | 4.00 | 89.00 | 93.00 | OK | |
r-oldrel-macos-arm64 | 0.1.1 | 44.00 | NOTE | |||
r-oldrel-macos-x86_64 | 0.1.1 | 51.00 | NOTE | |||
r-oldrel-windows-x86_64 | 0.1.1 | 4.00 | 100.00 | 104.00 | OK |
Version: 0.1.1
Check: data for non-ASCII characters
Result: NOTE
Note: found 2 marked Latin-1 strings
Flavors: r-devel-linux-x86_64-fedora-clang, r-devel-linux-x86_64-fedora-gcc, r-oldrel-macos-arm64, r-oldrel-macos-x86_64