Last updated on 2023-06-05 05:54:48 CEST.
Flavor | Version | Tinstall | Tcheck | Ttotal | Status | Flags |
---|---|---|---|---|---|---|
r-devel-linux-x86_64-debian-clang | 0.1.3 | 5.56 | 38.76 | 44.32 | OK | |
r-devel-linux-x86_64-debian-gcc | 0.1.3 | 4.50 | 29.82 | 34.32 | OK | |
r-devel-linux-x86_64-fedora-clang | 0.1.3 | 55.48 | NOTE | |||
r-devel-linux-x86_64-fedora-gcc | 0.1.3 | 52.46 | NOTE | |||
r-devel-windows-x86_64 | 0.1.3 | 8.00 | 50.00 | 58.00 | OK | |
r-patched-linux-x86_64 | 0.1.3 | 4.70 | 37.41 | 42.11 | OK | |
r-release-linux-x86_64 | 0.1.3 | 3.74 | 37.56 | 41.30 | OK | |
r-release-macos-arm64 | 0.1.3 | 25.00 | OK | |||
r-release-macos-x86_64 | 0.1.3 | 32.00 | OK | |||
r-release-windows-x86_64 | 0.1.3 | 9.00 | 55.00 | 64.00 | OK | |
r-oldrel-macos-arm64 | 0.1.3 | 20.00 | NOTE | |||
r-oldrel-macos-x86_64 | 0.1.3 | 32.00 | NOTE | |||
r-oldrel-windows-x86_64 | 0.1.3 | 9.00 | 59.00 | 68.00 | OK |
Version: 0.1.3
Check: dependencies in R code
Result: NOTE
Namespaces in Imports field not imported from:
‘dplyr’ ‘methods’
All declared Imports should be used.
Flavors: r-devel-linux-x86_64-fedora-clang, r-devel-linux-x86_64-fedora-gcc, r-oldrel-macos-arm64, r-oldrel-macos-x86_64