Last updated on 2023-05-27 05:52:40 CEST.
Flavor | Version | Tinstall | Tcheck | Ttotal | Status | Flags |
---|---|---|---|---|---|---|
r-devel-linux-x86_64-debian-clang | 1.0.0 | 2.18 | 362.40 | 364.58 | NOTE | |
r-devel-linux-x86_64-debian-gcc | 1.0.0 | 2.36 | 284.80 | 287.16 | NOTE | |
r-devel-linux-x86_64-fedora-clang | 1.0.0 | 493.40 | NOTE | |||
r-devel-linux-x86_64-fedora-gcc | 1.0.0 | 498.76 | NOTE | |||
r-devel-windows-x86_64 | 1.0.0 | 4.00 | 259.00 | 263.00 | NOTE | |
r-patched-linux-x86_64 | 1.0.0 | 3.42 | 392.51 | 395.93 | NOTE | |
r-release-linux-x86_64 | 1.0.0 | 3.06 | 397.47 | 400.53 | NOTE | |
r-release-macos-arm64 | 1.0.0 | 121.00 | NOTE | |||
r-release-macos-x86_64 | 1.0.0 | 231.00 | NOTE | |||
r-release-windows-x86_64 | 1.0.0 | 4.00 | 355.00 | 359.00 | NOTE | |
r-oldrel-macos-arm64 | 1.0.0 | 110.00 | OK | |||
r-oldrel-macos-x86_64 | 1.0.0 | 139.00 | OK | |||
r-oldrel-windows-x86_64 | 1.0.0 | 4.00 | 343.00 | 347.00 | OK |
Version: 1.0.0
Check: package subdirectories
Result: NOTE
Problems with news in ‘NEWS.md’:
Cannot extract version info from the following section titles:
Version (Date)
Flavors: r-devel-linux-x86_64-debian-clang, r-devel-linux-x86_64-debian-gcc, r-devel-linux-x86_64-fedora-clang, r-devel-linux-x86_64-fedora-gcc, r-devel-windows-x86_64, r-patched-linux-x86_64, r-release-linux-x86_64, r-release-macos-arm64, r-release-macos-x86_64, r-release-windows-x86_64