Last updated on 2023-05-28 05:52:19 CEST.
Flavor | Version | Tinstall | Tcheck | Ttotal | Status | Flags |
---|---|---|---|---|---|---|
r-devel-linux-x86_64-debian-clang | 0.17.3 | 2.39 | 62.73 | 65.12 | NOTE | |
r-devel-linux-x86_64-debian-gcc | 0.17.3 | 2.26 | 49.27 | 51.53 | NOTE | |
r-devel-linux-x86_64-fedora-clang | 0.17.3 | 87.90 | NOTE | |||
r-devel-linux-x86_64-fedora-gcc | 0.17.3 | 87.43 | NOTE | |||
r-devel-windows-x86_64 | 0.17.3 | 3.00 | 73.00 | 76.00 | OK | |
r-patched-linux-x86_64 | 0.17.3 | 8.20 | 60.96 | 69.16 | NOTE | |
r-release-linux-x86_64 | 0.17.3 | 1.75 | 60.21 | 61.96 | NOTE | |
r-release-macos-arm64 | 0.17.3 | 26.00 | NOTE | |||
r-release-macos-x86_64 | 0.17.3 | 34.00 | NOTE | |||
r-release-windows-x86_64 | 0.17.3 | 4.00 | 81.00 | 85.00 | OK | |
r-oldrel-macos-arm64 | 0.17.3 | 22.00 | NOTE | |||
r-oldrel-macos-x86_64 | 0.17.3 | 29.00 | NOTE | |||
r-oldrel-windows-x86_64 | 0.17.3 | 4.00 | 86.00 | 90.00 | OK |
Version: 0.17.3
Check: for non-standard things in the check directory
Result: NOTE
Found the following files/directories:
‘res_mutation.tsv’ ‘res_mutationCounts.txt’
‘res_processContribution.txt’ ‘res_processes.txt’
Flavors: r-devel-linux-x86_64-debian-clang, r-devel-linux-x86_64-debian-gcc, r-devel-linux-x86_64-fedora-clang, r-devel-linux-x86_64-fedora-gcc, r-patched-linux-x86_64, r-release-linux-x86_64
Version: 0.17.3
Check: package dependencies
Result: NOTE
Package suggested but not available for checking: ‘BSgenome.Hsapiens.UCSC.hg38’
Flavors: r-release-macos-arm64, r-release-macos-x86_64, r-oldrel-macos-arm64, r-oldrel-macos-x86_64