CRAN Package Check Results for Package simExam

Last updated on 2023-06-02 05:58:11 CEST.

Flavor Version Tinstall Tcheck Ttotal Status Flags
r-devel-linux-x86_64-debian-clang 1.0.0 8.79 68.07 76.86 NOTE
r-devel-linux-x86_64-debian-gcc 1.0.0 5.56 52.30 57.86 NOTE
r-devel-linux-x86_64-fedora-clang 1.0.0 94.86 NOTE
r-devel-linux-x86_64-fedora-gcc 1.0.0 89.77 NOTE
r-devel-windows-x86_64 1.0.0 9.00 67.00 76.00 NOTE
r-patched-linux-x86_64 1.0.0 NOTE
r-release-linux-x86_64 1.0.0 7.29 65.66 72.95 NOTE
r-release-macos-arm64 1.0.0 33.00 NOTE
r-release-macos-x86_64 1.0.0 48.00 NOTE
r-release-windows-x86_64 1.0.0 10.00 77.00 87.00 NOTE
r-oldrel-macos-arm64 1.0.0 27.00 NOTE
r-oldrel-macos-x86_64 1.0.0 41.00 NOTE
r-oldrel-windows-x86_64 1.0.0 11.00 80.00 91.00 NOTE

Check Details

Version: 1.0.0
Check: LazyData
Result: NOTE
     'LazyData' is specified without a 'data' directory
Flavors: r-devel-linux-x86_64-debian-clang, r-devel-linux-x86_64-debian-gcc, r-devel-linux-x86_64-fedora-clang, r-devel-linux-x86_64-fedora-gcc, r-devel-windows-x86_64, r-patched-linux-x86_64, r-release-linux-x86_64, r-release-macos-arm64, r-release-macos-x86_64, r-release-windows-x86_64, r-oldrel-macos-arm64, r-oldrel-macos-x86_64, r-oldrel-windows-x86_64