CRAN Package Check Results for Package simDNAmixtures

Last updated on 2023-05-28 05:52:19 CEST.

Flavor Version Tinstall Tcheck Ttotal Status Flags
r-devel-linux-x86_64-debian-clang 1.0.1 3.60 49.09 52.69 OK
r-devel-linux-x86_64-debian-gcc 1.0.1 3.81 37.60 41.41 OK
r-devel-linux-x86_64-fedora-clang 1.0.1 70.81 NOTE
r-devel-linux-x86_64-fedora-gcc 1.0.1 79.16 NOTE
r-devel-windows-x86_64 1.0.1 5.00 61.00 66.00 OK
r-patched-linux-x86_64 1.0.1 3.87 47.04 50.91 OK
r-release-linux-x86_64 1.0.1 2.79 46.55 49.34 OK
r-release-macos-arm64 1.0.1 33.00 OK
r-release-macos-x86_64 1.0.1 43.00 OK
r-release-windows-x86_64 1.0.1 7.00 70.00 77.00 OK
r-oldrel-macos-arm64 1.0.1 25.00 NOTE
r-oldrel-macos-x86_64 1.0.1 36.00 NOTE
r-oldrel-windows-x86_64 1.0.1 7.00 68.00 75.00 OK

Check Details

Version: 1.0.1
Check: dependencies in R code
Result: NOTE
    Namespaces in Imports field not imported from:
     ‘pedtools’ ‘readr’
     All declared Imports should be used.
Flavors: r-devel-linux-x86_64-fedora-clang, r-devel-linux-x86_64-fedora-gcc, r-oldrel-macos-arm64, r-oldrel-macos-x86_64