Last updated on 2023-06-05 05:54:48 CEST.
Flavor | Version | Tinstall | Tcheck | Ttotal | Status | Flags |
---|---|---|---|---|---|---|
r-devel-linux-x86_64-debian-clang | 0.1.0 | 10.52 | 63.10 | 73.62 | NOTE | |
r-devel-linux-x86_64-debian-gcc | 0.1.0 | 7.69 | 48.58 | 56.27 | NOTE | |
r-devel-linux-x86_64-fedora-clang | 0.1.0 | 96.77 | NOTE | |||
r-devel-linux-x86_64-fedora-gcc | 0.1.0 | 98.98 | NOTE | |||
r-devel-windows-x86_64 | 0.1.0 | 12.00 | 72.00 | 84.00 | NOTE | |
r-patched-linux-x86_64 | 0.1.0 | 5.86 | 59.42 | 65.28 | NOTE | |
r-release-linux-x86_64 | 0.1.0 | 6.07 | 60.11 | 66.18 | NOTE | |
r-release-macos-arm64 | 0.1.0 | 39.00 | NOTE | |||
r-release-macos-x86_64 | 0.1.0 | 59.00 | NOTE | |||
r-release-windows-x86_64 | 0.1.0 | 16.00 | 81.00 | 97.00 | NOTE | |
r-oldrel-macos-arm64 | 0.1.0 | 30.00 | NOTE | |||
r-oldrel-macos-x86_64 | 0.1.0 | 58.00 | NOTE | |||
r-oldrel-windows-x86_64 | 0.1.0 | 14.00 | 87.00 | 101.00 | OK |
Version: 0.1.0
Check: C++ specification
Result: NOTE
Specified C++11: please drop specification unless essential
Flavors: r-devel-linux-x86_64-debian-clang, r-devel-linux-x86_64-debian-gcc, r-devel-linux-x86_64-fedora-clang, r-devel-linux-x86_64-fedora-gcc, r-devel-windows-x86_64, r-patched-linux-x86_64, r-release-linux-x86_64, r-release-macos-arm64, r-release-macos-x86_64, r-release-windows-x86_64
Version: 0.1.0
Check: data for non-ASCII characters
Result: NOTE
Note: found 1231 marked UTF-8 strings
Flavors: r-devel-linux-x86_64-fedora-clang, r-devel-linux-x86_64-fedora-gcc, r-oldrel-macos-arm64, r-oldrel-macos-x86_64