Last updated on 2023-06-09 05:55:11 CEST.
Flavor | Version | Tinstall | Tcheck | Ttotal | Status | Flags |
---|---|---|---|---|---|---|
r-devel-linux-x86_64-debian-clang | 2.6.0 | 12.92 | 139.34 | 152.26 | NOTE | |
r-devel-linux-x86_64-debian-gcc | 2.6.0 | 9.71 | 105.20 | 114.91 | NOTE | |
r-devel-linux-x86_64-fedora-clang | 2.6.0 | 191.68 | NOTE | |||
r-devel-linux-x86_64-fedora-gcc | 2.6.0 | 190.15 | NOTE | |||
r-devel-windows-x86_64 | 2.6.0 | 14.00 | 119.00 | 133.00 | NOTE | |
r-patched-linux-x86_64 | 2.6.0 | 10.16 | 132.92 | 143.08 | NOTE | |
r-release-linux-x86_64 | 2.6.0 | 10.55 | 130.44 | 140.99 | NOTE | |
r-release-macos-arm64 | 2.6.0 | 68.00 | NOTE | |||
r-release-macos-x86_64 | 2.6.0 | 106.00 | NOTE | |||
r-release-windows-x86_64 | 2.6.0 | 17.00 | 146.00 | 163.00 | NOTE | |
r-oldrel-macos-arm64 | 2.6.0 | 56.00 | NOTE | |||
r-oldrel-macos-x86_64 | 2.6.0 | 98.00 | NOTE | |||
r-oldrel-windows-x86_64 | 2.6.0 | 20.00 | 148.00 | 168.00 | NOTE |
Version: 2.6.0
Check: package dependencies
Result: NOTE
Package suggested but not available for checking: ‘cmdstanr’
Flavors: r-devel-linux-x86_64-debian-clang, r-devel-linux-x86_64-debian-gcc, r-devel-linux-x86_64-fedora-clang, r-devel-linux-x86_64-fedora-gcc, r-devel-windows-x86_64, r-patched-linux-x86_64, r-release-linux-x86_64, r-release-macos-arm64, r-release-macos-x86_64, r-release-windows-x86_64, r-oldrel-macos-arm64, r-oldrel-macos-x86_64, r-oldrel-windows-x86_64