Last updated on 2023-06-08 05:58:21 CEST.
Flavor | Version | Tinstall | Tcheck | Ttotal | Status | Flags |
---|---|---|---|---|---|---|
r-devel-linux-x86_64-debian-clang | 0.1.1 | 2.78 | 22.09 | 24.87 | OK | |
r-devel-linux-x86_64-debian-gcc | 0.1.1 | 2.10 | 17.31 | 19.41 | OK | |
r-devel-linux-x86_64-fedora-clang | 0.1.1 | 30.71 | NOTE | |||
r-devel-linux-x86_64-fedora-gcc | 0.1.1 | 28.68 | NOTE | |||
r-devel-windows-x86_64 | 0.1.1 | 5.00 | 40.00 | 45.00 | OK | |
r-patched-linux-x86_64 | 0.1.1 | 1.76 | 21.39 | 23.15 | OK | |
r-release-linux-x86_64 | 0.1.1 | 1.66 | 21.38 | 23.04 | OK | |
r-release-macos-arm64 | 0.1.1 | 16.00 | OK | |||
r-release-macos-x86_64 | 0.1.1 | 20.00 | OK | |||
r-release-windows-x86_64 | 0.1.1 | 6.00 | 39.00 | 45.00 | OK | |
r-oldrel-macos-arm64 | 0.1.1 | 17.00 | NOTE | |||
r-oldrel-macos-x86_64 | 0.1.1 | 24.00 | NOTE | |||
r-oldrel-windows-x86_64 | 0.1.1 | 4.00 | 41.00 | 45.00 | OK |
Version: 0.1.1
Check: dependencies in R code
Result: NOTE
Namespace in Imports field not imported from: ‘reactable’
All declared Imports should be used.
Flavors: r-devel-linux-x86_64-fedora-clang, r-devel-linux-x86_64-fedora-gcc, r-oldrel-macos-arm64, r-oldrel-macos-x86_64