Last updated on 2023-05-30 05:57:46 CEST.
Flavor | Version | Tinstall | Tcheck | Ttotal | Status | Flags |
---|---|---|---|---|---|---|
r-devel-linux-x86_64-debian-clang | 0.1.0 | 1.78 | 19.63 | 21.41 | NOTE | |
r-devel-linux-x86_64-debian-gcc | 0.1.0 | 1.74 | 15.81 | 17.55 | NOTE | |
r-devel-linux-x86_64-fedora-clang | 0.1.0 | 28.14 | NOTE | |||
r-devel-linux-x86_64-fedora-gcc | 0.1.0 | 26.30 | NOTE | |||
r-devel-windows-x86_64 | 0.1.0 | 5.00 | 38.00 | 43.00 | NOTE | |
r-patched-linux-x86_64 | 0.1.0 | 2.21 | 19.60 | 21.81 | NOTE | |
r-release-linux-x86_64 | 0.1.0 | 1.58 | 19.31 | 20.89 | NOTE | |
r-release-macos-arm64 | 0.1.0 | 14.00 | NOTE | |||
r-release-macos-x86_64 | 0.1.0 | 18.00 | NOTE | |||
r-release-windows-x86_64 | 0.1.0 | 4.00 | 37.00 | 41.00 | NOTE | |
r-oldrel-macos-arm64 | 0.1.0 | 14.00 | NOTE | |||
r-oldrel-macos-x86_64 | 0.1.0 | 26.00 | NOTE | |||
r-oldrel-windows-x86_64 | 0.1.0 | 4.00 | 41.00 | 45.00 | NOTE |
Version: 0.1.0
Check: LazyData
Result: NOTE
'LazyData' is specified without a 'data' directory
Flavors: r-devel-linux-x86_64-debian-clang, r-devel-linux-x86_64-debian-gcc, r-devel-linux-x86_64-fedora-clang, r-devel-linux-x86_64-fedora-gcc, r-devel-windows-x86_64, r-patched-linux-x86_64, r-release-linux-x86_64, r-release-macos-arm64, r-release-macos-x86_64, r-release-windows-x86_64, r-oldrel-macos-arm64, r-oldrel-macos-x86_64, r-oldrel-windows-x86_64
Version: 0.1.0
Check: dependencies in R code
Result: NOTE
Namespace in Imports field not imported from: ‘shiny’
All declared Imports should be used.
Flavors: r-devel-linux-x86_64-fedora-clang, r-devel-linux-x86_64-fedora-gcc, r-oldrel-macos-arm64, r-oldrel-macos-x86_64