Last updated on 2023-06-05 05:54:48 CEST.
Flavor | Version | Tinstall | Tcheck | Ttotal | Status | Flags |
---|---|---|---|---|---|---|
r-devel-linux-x86_64-debian-clang | 1.0.1 | 17.74 | 110.20 | 127.94 | NOTE | |
r-devel-linux-x86_64-debian-gcc | 1.0.1 | 13.83 | 82.12 | 95.95 | NOTE | |
r-devel-linux-x86_64-fedora-clang | 1.0.1 | 158.13 | NOTE | |||
r-devel-linux-x86_64-fedora-gcc | 1.0.1 | 146.72 | NOTE | |||
r-devel-windows-x86_64 | 1.0.1 | 15.00 | 92.00 | 107.00 | NOTE | |
r-patched-linux-x86_64 | 1.0.1 | 13.87 | 103.61 | 117.48 | NOTE | |
r-release-linux-x86_64 | 1.0.1 | 10.93 | 103.99 | 114.92 | NOTE | |
r-release-macos-arm64 | 1.0.1 | 44.00 | NOTE | |||
r-release-macos-x86_64 | 1.0.1 | 86.00 | NOTE | |||
r-release-windows-x86_64 | 1.0.1 | 19.00 | 109.00 | 128.00 | NOTE | |
r-oldrel-macos-arm64 | 1.0.1 | 43.00 | NOTE | |||
r-oldrel-macos-x86_64 | 1.0.1 | 73.00 | NOTE | |||
r-oldrel-windows-x86_64 | 1.0.1 | 19.00 | 120.00 | 139.00 | NOTE |
Version: 1.0.1
Check: LazyData
Result: NOTE
'LazyData' is specified without a 'data' directory
Flavors: r-devel-linux-x86_64-debian-clang, r-devel-linux-x86_64-debian-gcc, r-devel-linux-x86_64-fedora-clang, r-devel-linux-x86_64-fedora-gcc, r-devel-windows-x86_64, r-patched-linux-x86_64, r-release-linux-x86_64, r-release-macos-arm64, r-release-macos-x86_64, r-release-windows-x86_64, r-oldrel-macos-arm64, r-oldrel-macos-x86_64, r-oldrel-windows-x86_64