CRAN Package Check Results for Package shinyHeatmaply

Last updated on 2023-05-29 05:55:15 CEST.

Flavor Version Tinstall Tcheck Ttotal Status Flags
r-devel-linux-x86_64-debian-clang 0.2.0 7.02 69.14 76.16 NOTE
r-devel-linux-x86_64-debian-gcc 0.2.0 7.04 52.01 59.05 NOTE
r-devel-linux-x86_64-fedora-clang 0.2.0 95.59 NOTE
r-devel-linux-x86_64-fedora-gcc 0.2.0 88.32 NOTE
r-devel-windows-x86_64 0.2.0 9.00 70.00 79.00 NOTE
r-patched-linux-x86_64 0.2.0 6.37 63.04 69.41 NOTE
r-release-linux-x86_64 0.2.0 5.34 62.90 68.24 NOTE
r-release-macos-arm64 0.2.0 35.00 NOTE
r-release-macos-x86_64 0.2.0 47.00 NOTE
r-release-windows-x86_64 0.2.0 12.00 81.00 93.00 NOTE
r-oldrel-macos-arm64 0.2.0 32.00 NOTE
r-oldrel-macos-x86_64 0.2.0 56.00 NOTE
r-oldrel-windows-x86_64 0.2.0 13.00 92.00 105.00 NOTE

Check Details

Version: 0.2.0
Check: LazyData
Result: NOTE
     'LazyData' is specified without a 'data' directory
Flavors: r-devel-linux-x86_64-debian-clang, r-devel-linux-x86_64-debian-gcc, r-devel-linux-x86_64-fedora-clang, r-devel-linux-x86_64-fedora-gcc, r-devel-windows-x86_64, r-patched-linux-x86_64, r-release-linux-x86_64, r-release-macos-arm64, r-release-macos-x86_64, r-release-windows-x86_64, r-oldrel-macos-arm64, r-oldrel-macos-x86_64, r-oldrel-windows-x86_64