Last updated on 2023-05-29 05:55:14 CEST.
Flavor | Version | Tinstall | Tcheck | Ttotal | Status | Flags |
---|---|---|---|---|---|---|
r-devel-linux-x86_64-debian-clang | 0.5.9 | 14.66 | 39.90 | 54.56 | OK | |
r-devel-linux-x86_64-debian-gcc | 0.5.9 | 11.54 | 31.08 | 42.62 | OK | |
r-devel-linux-x86_64-fedora-clang | 0.5.9 | 73.80 | NOTE | |||
r-devel-linux-x86_64-fedora-gcc | 0.5.9 | 81.36 | NOTE | |||
r-devel-windows-x86_64 | 0.5.9 | 12.00 | 83.00 | 95.00 | OK | |
r-patched-linux-x86_64 | 0.5.9 | 13.38 | 38.31 | 51.69 | OK | |
r-release-linux-x86_64 | 0.5.9 | 11.90 | 38.35 | 50.25 | OK | |
r-release-macos-arm64 | 0.5.9 | 33.00 | OK | |||
r-release-macos-x86_64 | 0.5.9 | 49.00 | OK | |||
r-release-windows-x86_64 | 0.5.9 | 14.00 | 89.00 | 103.00 | OK | |
r-oldrel-macos-arm64 | 0.5.9 | 28.00 | OK | |||
r-oldrel-macos-x86_64 | 0.5.9 | 36.00 | OK | |||
r-oldrel-windows-x86_64 | 0.5.9 | 18.00 | 88.00 | 106.00 | OK |
Version: 0.5.9
Check: compiled code
Result: NOTE
File ‘sequences/libs/sequences.so’:
Found no calls to: ‘R_registerRoutines’, ‘R_useDynamicSymbols’
It is good practice to register native routines and to disable symbol
search.
See ‘Writing portable packages’ in the ‘Writing R Extensions’ manual.
Flavors: r-devel-linux-x86_64-fedora-clang, r-devel-linux-x86_64-fedora-gcc