CRAN Package Check Results for Package seqHMM

Last updated on 2023-05-28 05:52:18 CEST.

Flavor Version Tinstall Tcheck Ttotal Status Flags
r-devel-linux-x86_64-debian-clang 1.2.4 456.12 385.83 841.95 NOTE
r-devel-linux-x86_64-debian-gcc 1.2.4 345.70 246.36 592.06 NOTE
r-devel-linux-x86_64-fedora-clang 1.2.4 1201.49 NOTE
r-devel-linux-x86_64-fedora-gcc 1.2.4 1152.89 NOTE
r-devel-windows-x86_64 1.2.4 340.00 344.00 684.00 NOTE
r-patched-linux-x86_64 1.2.4 269.61 324.83 594.44 NOTE
r-release-linux-x86_64 1.2.4 315.57 317.26 632.83 NOTE
r-release-macos-arm64 1.2.4 295.00 NOTE
r-release-macos-x86_64 1.2.4 455.00 NOTE
r-release-windows-x86_64 1.2.4 445.00 390.00 835.00 NOTE
r-oldrel-macos-arm64 1.2.4 256.00 NOTE
r-oldrel-macos-x86_64 1.2.4 309.00 NOTE
r-oldrel-windows-x86_64 1.2.4 436.00 370.00 806.00 NOTE

Check Details

Version: 1.2.4
Check: C++ specification
Result: NOTE
     Specified C++11: please drop specification unless essential
Flavors: r-devel-linux-x86_64-debian-clang, r-devel-linux-x86_64-debian-gcc, r-devel-linux-x86_64-fedora-clang, r-devel-linux-x86_64-fedora-gcc, r-devel-windows-x86_64, r-patched-linux-x86_64, r-release-linux-x86_64, r-release-macos-arm64, r-release-macos-x86_64, r-release-windows-x86_64

Version: 1.2.4
Check: installed package size
Result: NOTE
     installed size is 8.1Mb
     sub-directories of 1Mb or more:
     doc 6.4Mb
Flavors: r-devel-linux-x86_64-fedora-clang, r-devel-windows-x86_64, r-release-macos-arm64, r-release-macos-x86_64, r-release-windows-x86_64, r-oldrel-macos-arm64, r-oldrel-macos-x86_64, r-oldrel-windows-x86_64