Last updated on 2023-06-09 05:55:11 CEST.
Flavor | Version | Tinstall | Tcheck | Ttotal | Status | Flags |
---|---|---|---|---|---|---|
r-devel-linux-x86_64-debian-clang | 0.1.1 | 11.33 | 96.75 | 108.08 | OK | |
r-devel-linux-x86_64-debian-gcc | 0.1.1 | 9.02 | 71.52 | 80.54 | OK | |
r-devel-linux-x86_64-fedora-clang | 0.1.1 | 138.19 | NOTE | |||
r-devel-linux-x86_64-fedora-gcc | 0.1.1 | 148.81 | NOTE | |||
r-devel-windows-x86_64 | 0.1.1 | 10.00 | 90.00 | 100.00 | OK | |
r-patched-linux-x86_64 | 0.1.1 | 9.22 | 89.23 | 98.45 | OK | |
r-release-linux-x86_64 | 0.1.1 | 9.40 | 88.85 | 98.25 | OK | |
r-release-macos-arm64 | 0.1.1 | 47.00 | OK | |||
r-release-macos-x86_64 | 0.1.1 | 79.00 | OK | |||
r-release-windows-x86_64 | 0.1.1 | 14.00 | 110.00 | 124.00 | OK | |
r-oldrel-macos-arm64 | 0.1.1 | 42.00 | NOTE | |||
r-oldrel-macos-x86_64 | 0.1.1 | 73.00 | NOTE | |||
r-oldrel-windows-x86_64 | 0.1.1 | 14.00 | 104.00 | 118.00 | OK |
Version: 0.1.1
Check: data for non-ASCII characters
Result: NOTE
Note: found 836 marked UTF-8 strings
Flavors: r-devel-linux-x86_64-fedora-clang, r-devel-linux-x86_64-fedora-gcc, r-oldrel-macos-arm64, r-oldrel-macos-x86_64