Last updated on 2023-06-04 05:50:54 CEST.
Flavor | Version | Tinstall | Tcheck | Ttotal | Status | Flags |
---|---|---|---|---|---|---|
r-devel-linux-x86_64-debian-clang | 0.2.3 | 1304.74 | 44.04 | 1348.78 | NOTE | |
r-devel-linux-x86_64-debian-gcc | 0.2.3 | 606.82 | 33.91 | 640.73 | NOTE | |
r-devel-linux-x86_64-fedora-clang | 0.2.3 | 1216.07 | NOTE | |||
r-devel-linux-x86_64-fedora-gcc | 0.2.3 | 1249.21 | NOTE | |||
r-devel-windows-x86_64 | 0.2.3 | 557.00 | 88.00 | 645.00 | NOTE | |
r-patched-linux-x86_64 | 0.2.3 | 688.94 | 42.93 | 731.87 | NOTE | |
r-release-linux-x86_64 | 0.2.3 | 637.91 | 43.00 | 680.91 | NOTE | |
r-release-macos-arm64 | 0.2.3 | 245.00 | NOTE | |||
r-release-macos-x86_64 | 0.2.3 | 443.00 | NOTE | |||
r-release-windows-x86_64 | 0.2.3 | 701.00 | 103.00 | 804.00 | NOTE | |
r-oldrel-macos-arm64 | 0.2.3 | 237.00 | NOTE | |||
r-oldrel-macos-x86_64 | 0.2.3 | 288.00 | NOTE | |||
r-oldrel-windows-x86_64 | 0.2.3 | 765.00 | 97.00 | 862.00 | NOTE |
Version: 0.2.3
Check: C++ specification
Result: NOTE
Specified C++11: please drop specification unless essential
Flavors: r-devel-linux-x86_64-debian-clang, r-devel-linux-x86_64-debian-gcc, r-devel-linux-x86_64-fedora-clang, r-devel-linux-x86_64-fedora-gcc, r-devel-windows-x86_64, r-patched-linux-x86_64, r-release-linux-x86_64, r-release-macos-arm64, r-release-macos-x86_64, r-release-windows-x86_64
Version: 0.2.3
Check: installed package size
Result: NOTE
installed size is 22.8Mb
sub-directories of 1Mb or more:
libs 21.0Mb
models 1.6Mb
Flavors: r-release-macos-arm64, r-release-macos-x86_64, r-oldrel-macos-arm64, r-oldrel-macos-x86_64, r-oldrel-windows-x86_64