Last updated on 2023-06-05 05:54:47 CEST.
Flavor | Version | Tinstall | Tcheck | Ttotal | Status | Flags |
---|---|---|---|---|---|---|
r-devel-linux-x86_64-debian-clang | 2.2.0 | 15.13 | 165.24 | 180.37 | OK | |
r-devel-linux-x86_64-debian-gcc | 2.2.0 | 12.94 | 124.48 | 137.42 | OK | |
r-devel-linux-x86_64-fedora-clang | 2.2.0 | 229.79 | OK | |||
r-devel-linux-x86_64-fedora-gcc | 2.2.0 | 229.55 | OK | |||
r-devel-windows-x86_64 | 2.2.0 | 16.00 | 192.00 | 208.00 | OK | |
r-patched-linux-x86_64 | 2.2.0 | 23.02 | 162.10 | 185.12 | OK | |
r-release-linux-x86_64 | 2.2.0 | 11.75 | 159.87 | 171.62 | OK | |
r-release-macos-arm64 | 2.2.0 | 76.00 | OK | |||
r-release-macos-x86_64 | 2.2.0 | 120.00 | NOTE | |||
r-release-windows-x86_64 | 2.2.0 | 19.00 | 218.00 | 237.00 | OK | |
r-oldrel-macos-arm64 | 2.2.0 | 62.00 | OK | |||
r-oldrel-macos-x86_64 | 2.2.0 | 84.00 | OK | |||
r-oldrel-windows-x86_64 | 2.2.0 | 18.00 | 210.00 | 228.00 | OK |
Version: 2.2.0
Check: package dependencies
Result: NOTE
Package suggested but not available for checking: ‘fftw’
Flavor: r-release-macos-x86_64