Last updated on 2023-06-05 05:54:47 CEST.
Flavor | Version | Tinstall | Tcheck | Ttotal | Status | Flags |
---|---|---|---|---|---|---|
r-devel-linux-x86_64-debian-clang | 1.0.0 | 89.29 | 822.13 | 911.42 | OK | |
r-devel-linux-x86_64-debian-gcc | 1.0.0 | 67.51 | 454.00 | 521.51 | OK | |
r-devel-linux-x86_64-fedora-clang | 1.0.0 | 836.31 | NOTE | |||
r-devel-linux-x86_64-fedora-gcc | 1.0.0 | 859.43 | NOTE | |||
r-devel-windows-x86_64 | 1.0.0 | 71.00 | 547.00 | 618.00 | OK | |
r-patched-linux-x86_64 | 1.0.0 | 71.06 | 611.54 | 682.60 | OK | |
r-release-linux-x86_64 | 1.0.0 | 57.85 | 617.43 | 675.28 | OK | |
r-release-macos-arm64 | 1.0.0 | 239.00 | NOTE | |||
r-release-macos-x86_64 | 0.8.4 | 255.00 | NOTE | |||
r-release-windows-x86_64 | 1.0.0 | 92.00 | 780.00 | 872.00 | OK | |
r-oldrel-macos-arm64 | 1.0.0 | 275.00 | NOTE | |||
r-oldrel-macos-x86_64 | 1.0.0 | 330.00 | NOTE | |||
r-oldrel-windows-x86_64 | 1.0.0 | 64.00 | 442.00 | 506.00 | OK |
Version: 1.0.0
Check: data for non-ASCII characters
Result: NOTE
Note: found 1 marked UTF-8 string
Flavors: r-devel-linux-x86_64-fedora-clang, r-devel-linux-x86_64-fedora-gcc
Version: 1.0.0
Check: installed package size
Result: NOTE
installed size is 11.5Mb
sub-directories of 1Mb or more:
data 2.9Mb
libs 8.5Mb
Flavors: r-release-macos-arm64, r-oldrel-macos-arm64, r-oldrel-macos-x86_64
Version: 0.8.4
Check: installed package size
Result: NOTE
installed size is 5.6Mb
sub-directories of 1Mb or more:
data 2.9Mb
libs 2.6Mb
Flavor: r-release-macos-x86_64