CRAN Package Check Results for Package scs

Last updated on 2023-06-09 05:55:11 CEST.

Flavor Version Tinstall Tcheck Ttotal Status Flags
r-devel-linux-x86_64-debian-clang 3.2.4 10.41 24.99 35.40 NOTE
r-devel-linux-x86_64-debian-gcc 3.2.4 11.37 20.08 31.45 NOTE
r-devel-linux-x86_64-fedora-clang 3.2.4 46.08 NOTE
r-devel-linux-x86_64-fedora-gcc 3.2.4 51.40 NOTE
r-devel-windows-x86_64 3.2.4 29.00 46.00 75.00 NOTE
r-patched-linux-x86_64 3.2.4 12.35 24.72 37.07 NOTE
r-release-linux-x86_64 3.2.4 11.88 25.05 36.93 NOTE
r-release-macos-arm64 3.2.4 22.00 NOTE
r-release-macos-x86_64 3.2.4 30.00 NOTE
r-release-windows-x86_64 3.2.4 32.00 47.00 79.00 NOTE
r-oldrel-macos-arm64 3.2.4 21.00 NOTE
r-oldrel-macos-x86_64 3.2.4 27.00 NOTE
r-oldrel-windows-x86_64 3.2.4 40.00 47.00 87.00 NOTE

Check Details

Version: 3.2.4
Check: for GNU extensions in Makefiles
Result: NOTE
    GNU make is a SystemRequirements.
Flavors: r-devel-linux-x86_64-debian-clang, r-devel-linux-x86_64-debian-gcc, r-devel-linux-x86_64-fedora-clang, r-devel-linux-x86_64-fedora-gcc, r-devel-windows-x86_64, r-patched-linux-x86_64, r-release-linux-x86_64, r-release-macos-arm64, r-release-macos-x86_64, r-release-windows-x86_64, r-oldrel-macos-arm64, r-oldrel-macos-x86_64, r-oldrel-windows-x86_64