CRAN Package Check Results for Package scdensity

Last updated on 2023-05-29 05:55:14 CEST.

Flavor Version Tinstall Tcheck Ttotal Status Flags
r-devel-linux-x86_64-debian-clang 1.0.2 4.01 46.19 50.20 NOTE
r-devel-linux-x86_64-debian-gcc 1.0.2 3.76 34.89 38.65 NOTE
r-devel-linux-x86_64-fedora-clang 1.0.2 64.26 NOTE
r-devel-linux-x86_64-fedora-gcc 1.0.2 61.53 NOTE
r-devel-windows-x86_64 1.0.2 5.00 60.00 65.00 NOTE
r-patched-linux-x86_64 1.0.2 4.40 44.12 48.52 NOTE
r-release-linux-x86_64 1.0.2 3.64 47.10 50.74 NOTE
r-release-macos-arm64 1.0.2 25.00 NOTE
r-release-macos-x86_64 1.0.2 35.00 NOTE
r-release-windows-x86_64 1.0.2 6.00 68.00 74.00 NOTE
r-oldrel-macos-arm64 1.0.2 33.00 NOTE
r-oldrel-macos-x86_64 1.0.2 29.00 NOTE
r-oldrel-windows-x86_64 1.0.2 7.00 67.00 74.00 NOTE

Check Details

Version: 1.0.2
Check: LazyData
Result: NOTE
     'LazyData' is specified without a 'data' directory
Flavors: r-devel-linux-x86_64-debian-clang, r-devel-linux-x86_64-debian-gcc, r-devel-linux-x86_64-fedora-clang, r-devel-linux-x86_64-fedora-gcc, r-devel-windows-x86_64, r-patched-linux-x86_64, r-release-linux-x86_64, r-release-macos-arm64, r-release-macos-x86_64, r-release-windows-x86_64, r-oldrel-macos-arm64, r-oldrel-macos-x86_64, r-oldrel-windows-x86_64