Last updated on 2023-06-07 05:58:32 CEST.
Flavor | Version | Tinstall | Tcheck | Ttotal | Status | Flags |
---|---|---|---|---|---|---|
r-devel-linux-x86_64-debian-clang | 1.4.1 | 56.91 | 466.83 | 523.74 | OK | |
r-devel-linux-x86_64-debian-gcc | 1.4.1 | 45.43 | 350.28 | 395.71 | OK | |
r-devel-linux-x86_64-fedora-clang | 1.4.1 | 661.66 | OK | |||
r-devel-linux-x86_64-fedora-gcc | 1.4.1 | 635.94 | OK | |||
r-devel-windows-x86_64 | 1.4.1 | 45.00 | 306.00 | 351.00 | OK | |
r-patched-linux-x86_64 | 1.4.1 | 37.67 | 438.08 | 475.75 | OK | |
r-release-linux-x86_64 | 1.4.1 | 36.69 | 433.54 | 470.23 | OK | |
r-release-macos-arm64 | 1.4.1 | 176.00 | OK | |||
r-release-macos-x86_64 | 1.4.1 | 322.00 | OK | |||
r-release-windows-x86_64 | 1.4.1 | 64.00 | 406.00 | 470.00 | OK | |
r-oldrel-macos-arm64 | 1.4.1 | 9.00 | ERROR | |||
r-oldrel-macos-x86_64 | 1.4.1 | 11.00 | ERROR | |||
r-oldrel-windows-x86_64 | 1.4.1 | 68.00 | 396.00 | 464.00 | OK |
Version: 1.4.1
Check: package dependencies
Result: ERROR
Package required and available but unsuitable version: ‘UCell’
See section ‘The DESCRIPTION file’ in the ‘Writing R Extensions’
manual.
Flavors: r-oldrel-macos-arm64, r-oldrel-macos-x86_64