Last updated on 2023-06-03 05:52:43 CEST.
Flavor | Version | Tinstall | Tcheck | Ttotal | Status | Flags |
---|---|---|---|---|---|---|
r-devel-linux-x86_64-debian-clang | 0.5.0 | 118.40 | 180.68 | 299.08 | NOTE | |
r-devel-linux-x86_64-debian-gcc | 0.5.0 | 100.17 | 139.06 | 239.23 | NOTE | |
r-devel-linux-x86_64-fedora-clang | 0.5.0 | 428.00 | NOTE | |||
r-devel-linux-x86_64-fedora-gcc | 0.5.0 | 420.49 | NOTE | |||
r-devel-windows-x86_64 | 0.5.0 | 94.00 | 168.00 | 262.00 | NOTE | |
r-patched-linux-x86_64 | 0.5.0 | NOTE | ||||
r-release-linux-x86_64 | 0.5.0 | 84.87 | 171.78 | 256.65 | NOTE | |
r-release-macos-arm64 | 0.5.0 | 145.00 | NOTE | |||
r-release-macos-x86_64 | 0.5.0 | 245.00 | NOTE | |||
r-release-windows-x86_64 | 0.5.0 | 122.00 | 215.00 | 337.00 | NOTE | |
r-oldrel-macos-arm64 | 0.5.0 | 101.00 | NOTE | |||
r-oldrel-macos-x86_64 | 0.5.0 | 177.00 | NOTE | |||
r-oldrel-windows-x86_64 | 0.5.0 | 119.00 | 215.00 | 334.00 | NOTE |
Version: 0.5.0
Check: C++ specification
Result: NOTE
Specified C++11: please drop specification unless essential
Flavors: r-devel-linux-x86_64-debian-clang, r-devel-linux-x86_64-debian-gcc, r-devel-linux-x86_64-fedora-clang, r-devel-linux-x86_64-fedora-gcc, r-devel-windows-x86_64, r-patched-linux-x86_64, r-release-linux-x86_64, r-release-macos-arm64, r-release-macos-x86_64, r-release-windows-x86_64
Version: 0.5.0
Check: installed package size
Result: NOTE
installed size is 5.4Mb
sub-directories of 1Mb or more:
data 3.9Mb
libs 1.2Mb
Flavors: r-devel-windows-x86_64, r-release-macos-arm64, r-release-macos-x86_64, r-release-windows-x86_64, r-oldrel-macos-arm64, r-oldrel-macos-x86_64, r-oldrel-windows-x86_64