Last updated on 2023-06-10 05:52:45 CEST.
Flavor | Version | Tinstall | Tcheck | Ttotal | Status | Flags |
---|---|---|---|---|---|---|
r-devel-linux-x86_64-debian-clang | 1.0.3 | 50.24 | 97.54 | 147.78 | OK | |
r-devel-linux-x86_64-debian-gcc | 1.0.3 | 42.83 | 78.30 | 121.13 | OK | |
r-devel-linux-x86_64-fedora-clang | 1.0.3 | 200.52 | OK | |||
r-devel-linux-x86_64-fedora-gcc | 1.0.3 | 199.84 | OK | |||
r-devel-windows-x86_64 | 1.0.3 | 41.00 | 117.00 | 158.00 | OK | |
r-patched-linux-x86_64 | 1.0.3 | 40.98 | 98.39 | 139.37 | OK | |
r-release-linux-x86_64 | 1.0.3 | 31.83 | 95.71 | 127.54 | OK | |
r-release-macos-arm64 | 1.0.3 | 57.00 | NOTE | |||
r-release-macos-x86_64 | 1.0.3 | 88.00 | NOTE | |||
r-release-windows-x86_64 | 1.0.3 | 54.00 | 132.00 | 186.00 | OK | |
r-oldrel-macos-arm64 | 1.0.3 | 48.00 | OK | |||
r-oldrel-macos-x86_64 | 1.0.3 | 101.00 | OK | |||
r-oldrel-windows-x86_64 | 1.0.3 | 52.00 | 129.00 | 181.00 | OK |
Version: 1.0.3
Check: installed package size
Result: NOTE
installed size is 5.3Mb
sub-directories of 1Mb or more:
data 2.0Mb
libs 3.1Mb
Flavors: r-release-macos-arm64, r-release-macos-x86_64